{"id":26,"date":"2015-04-09T09:00:00","date_gmt":"2015-04-09T07:00:00","guid":{"rendered":"http:\/\/excellentel.seodesignab.se\/foretag\/?page_id=26"},"modified":"2025-06-26T13:29:16","modified_gmt":"2025-06-26T11:29:16","slug":"om-oss","status":"publish","type":"page","link":"https:\/\/www.excellentel.com\/foretag\/om-oss\/","title":{"rendered":"Om oss"},"content":{"rendered":"<p><strong>Excellent El \u00e4r den nya generationens elentreprenadf\u00f6retag<\/strong><\/p>\n<p>Excellent El \u00e4r ett f\u00f6retag som pr\u00e4glas av stor noggrannhet och nyfikenhet. Med kunden i fokus erbjuder vi helhetsl\u00f6sningar inom projektering, elinstallation, kommunikation och s\u00e4kerhet.Vi har en ambition att hela tiden ligga i framkant och pressa gr\u00e4nserna f\u00f6r vad som \u00e4r m\u00f6jligt.<\/p>\n<p>Excellent El startades 2001 och har sedan dess utvecklats till att bli en stark partner inom elinstallationsbranchen. Att leverera kompletta l\u00f6sningar \u00e4r v\u00e5r m\u00e5ls\u00e4ttning.Vi erbjuder helt\u00e4ckande tj\u00e4nster inom elinstallationer, allt fr\u00e5n stora entreprenader till mindre underh\u00e5lls-och reparationsarbeten. V\u00e5ra kunder \u00e4r fr\u00e4mst byggbolag, fastighetsbolag samt f\u00f6retag p\u00e5 den privata marknaden.<\/p>\n<p><a href=\"https:\/\/www.excellentel.com\/foretag\/wp-content\/blog.dir\/sites\/3\/2015\/04\/office1.png\" rel=\"attachment wp-att-29\"><img loading=\"lazy\" decoding=\"async\" class=\"alignnone size-full wp-image-29\" src=\"https:\/\/www.excellentel.com\/foretag\/wp-content\/blog.dir\/sites\/3\/2015\/04\/office1.png\" alt=\"office1\" width=\"251\" height=\"163\" \/><\/a><\/p>\n<p>Vi m\u00e5 vara etablerade i branchen, men vi \u00e4lskar utmaningar och brinner f\u00f6r l\u00e4rande. Vi ser m\u00f6jligheter d\u00e4r andra inte g\u00f6r det, vi \u00e4r innovativa och r\u00f6rliga.Excellent El erbjuder samma trygghet och kunskap som marknadsledarna, men med mer energi, engagemang och ett modernare syns\u00e4tt.<\/p>\n<p>Genom att vara aff\u00e4rsutvecklande och kostnadseffektiva ska Excellent El skapa och utf\u00f6ra projekt samt leverera tj\u00e4nster och l\u00f6sningar tillsammans med kund som \u00f6vertr\u00e4ffar f\u00f6rv\u00e4ntan.<\/p>\n<p><strong>Det \u00e4r genom prestigel\u00f6s samverkan vi skapar l\u00e5ngsiktiga relationer<\/strong><\/p>\n","protected":false},"excerpt":{"rendered":"<p>Excellent El \u00e4r den nya generationens elentreprenadf\u00f6retag Excellent El \u00e4r ett f\u00f6retag som pr\u00e4glas av stor noggrannhet och nyfikenhet. Med kunden i fokus erbjuder vi helhetsl\u00f6sningar inom projektering, elinstallation, kommunikation och s\u00e4kerhet.Vi har en ambition att hela tiden ligga i framkant och pressa gr\u00e4nserna f\u00f6r vad som \u00e4r m\u00f6jligt. Excellent El startades 2001 och har [&hellip;]<\/p>\n","protected":false},"author":1,"featured_media":0,"parent":0,"menu_order":0,"comment_status":"open","ping_status":"open","template":"","meta":{"_monsterinsights_skip_tracking":false,"_monsterinsights_sitenote_active":false,"_monsterinsights_sitenote_note":"","_monsterinsights_sitenote_category":0,"footnotes":""},"class_list":["post-26","page","type-page","status-publish","hentry"],"yoast_head":"<!-- This site is optimized with the Yoast SEO plugin v24.3 - https:\/\/yoast.com\/wordpress\/plugins\/seo\/ -->\n<title>Om Excellent El \u2013 Elf\u00f6retag med erfarenhet och engagemang<\/title>\n<meta name=\"description\" content=\"L\u00e4r k\u00e4nna oss bakom Excellent El. Med l\u00e5ng erfarenhet och fokus p\u00e5 trygghet, kvalitet och teknik \u00e4r vi en ledande elpartner f\u00f6r f\u00f6retag i G\u00f6teborg.\" \/>\n<meta name=\"robots\" content=\"index, follow, max-snippet:-1, max-image-preview:large, max-video-preview:-1\" \/>\n<link rel=\"canonical\" href=\"https:\/\/www.excellentel.com\/foretag\/om-oss\/\" \/>\n<meta property=\"og:locale\" content=\"sv_SE\" \/>\n<meta property=\"og:type\" content=\"article\" \/>\n<meta property=\"og:title\" content=\"Om Excellent El \u2013 Elf\u00f6retag med erfarenhet och engagemang\" \/>\n<meta property=\"og:description\" content=\"L\u00e4r k\u00e4nna oss bakom Excellent El. Med l\u00e5ng erfarenhet och fokus p\u00e5 trygghet, kvalitet och teknik \u00e4r vi en ledande elpartner f\u00f6r f\u00f6retag i G\u00f6teborg.\" \/>\n<meta property=\"og:url\" content=\"https:\/\/www.excellentel.com\/foretag\/om-oss\/\" \/>\n<meta property=\"og:site_name\" content=\"F\u00f6retag\" \/>\n<meta property=\"article:modified_time\" content=\"2025-06-26T11:29:16+00:00\" \/>\n<meta property=\"og:image\" content=\"https:\/\/www.excellentel.com\/foretag\/wp-content\/blog.dir\/sites\/3\/2015\/04\/office1.png\" \/>\n\t<meta property=\"og:image:width\" content=\"251\" \/>\n\t<meta property=\"og:image:height\" content=\"163\" \/>\n\t<meta property=\"og:image:type\" content=\"image\/png\" \/>\n<meta name=\"twitter:label1\" content=\"Ber\u00e4knad l\u00e4stid\" \/>\n\t<meta name=\"twitter:data1\" content=\"2 minuter\" \/>\n<script type=\"application\/ld+json\" class=\"yoast-schema-graph\">{\"@context\":\"https:\/\/schema.org\",\"@graph\":[{\"@type\":\"WebPage\",\"@id\":\"https:\/\/www.excellentel.com\/foretag\/om-oss\/\",\"url\":\"https:\/\/www.excellentel.com\/foretag\/om-oss\/\",\"name\":\"Om Excellent El \u2013 Elf\u00f6retag med erfarenhet och engagemang\",\"isPartOf\":{\"@id\":\"https:\/\/www.excellentel.com\/foretag\/#website\"},\"primaryImageOfPage\":{\"@id\":\"https:\/\/www.excellentel.com\/foretag\/om-oss\/#primaryimage\"},\"image\":{\"@id\":\"https:\/\/www.excellentel.com\/foretag\/om-oss\/#primaryimage\"},\"thumbnailUrl\":\"https:\/\/www.excellentel.com\/foretag\/wp-content\/blog.dir\/sites\/3\/2015\/04\/office1.png\",\"datePublished\":\"2015-04-09T07:00:00+00:00\",\"dateModified\":\"2025-06-26T11:29:16+00:00\",\"description\":\"L\u00e4r k\u00e4nna oss bakom Excellent El. Med l\u00e5ng erfarenhet och fokus p\u00e5 trygghet, kvalitet och teknik \u00e4r vi en ledande elpartner f\u00f6r f\u00f6retag i G\u00f6teborg.\",\"breadcrumb\":{\"@id\":\"https:\/\/www.excellentel.com\/foretag\/om-oss\/#breadcrumb\"},\"inLanguage\":\"sv-SE\",\"potentialAction\":[{\"@type\":\"ReadAction\",\"target\":[\"https:\/\/www.excellentel.com\/foretag\/om-oss\/\"]}]},{\"@type\":\"ImageObject\",\"inLanguage\":\"sv-SE\",\"@id\":\"https:\/\/www.excellentel.com\/foretag\/om-oss\/#primaryimage\",\"url\":\"https:\/\/www.excellentel.com\/foretag\/wp-content\/blog.dir\/sites\/3\/2015\/04\/office1.png\",\"contentUrl\":\"https:\/\/www.excellentel.com\/foretag\/wp-content\/blog.dir\/sites\/3\/2015\/04\/office1.png\",\"width\":251,\"height\":163},{\"@type\":\"BreadcrumbList\",\"@id\":\"https:\/\/www.excellentel.com\/foretag\/om-oss\/#breadcrumb\",\"itemListElement\":[{\"@type\":\"ListItem\",\"position\":1,\"name\":\"Hem\",\"item\":\"https:\/\/www.excellentel.com\/foretag\/\"},{\"@type\":\"ListItem\",\"position\":2,\"name\":\"Om oss\"}]},{\"@type\":\"WebSite\",\"@id\":\"https:\/\/www.excellentel.com\/foretag\/#website\",\"url\":\"https:\/\/www.excellentel.com\/foretag\/\",\"name\":\"Excellent El\",\"description\":\"\",\"publisher\":{\"@id\":\"https:\/\/www.excellentel.com\/foretag\/#organization\"},\"potentialAction\":[{\"@type\":\"SearchAction\",\"target\":{\"@type\":\"EntryPoint\",\"urlTemplate\":\"https:\/\/www.excellentel.com\/foretag\/?s={search_term_string}\"},\"query-input\":{\"@type\":\"PropertyValueSpecification\",\"valueRequired\":true,\"valueName\":\"search_term_string\"}}],\"inLanguage\":\"sv-SE\"},{\"@type\":\"Organization\",\"@id\":\"https:\/\/www.excellentel.com\/foretag\/#organization\",\"name\":\"Excellent El\",\"url\":\"https:\/\/www.excellentel.com\/foretag\/\",\"logo\":{\"@type\":\"ImageObject\",\"inLanguage\":\"sv-SE\",\"@id\":\"https:\/\/www.excellentel.com\/foretag\/#\/schema\/logo\/image\/\",\"url\":\"https:\/\/www.excellentel.com\/foretag\/wp-content\/blog.dir\/sites\/3\/2025\/03\/logo_excellent_el.png\",\"contentUrl\":\"https:\/\/www.excellentel.com\/foretag\/wp-content\/blog.dir\/sites\/3\/2025\/03\/logo_excellent_el.png\",\"width\":263,\"height\":62,\"caption\":\"Excellent El\"},\"image\":{\"@id\":\"https:\/\/www.excellentel.com\/foretag\/#\/schema\/logo\/image\/\"}}]}<\/script>\n<!-- \/ Yoast SEO plugin. -->","yoast_head_json":{"title":"Om Excellent El \u2013 Elf\u00f6retag med erfarenhet och engagemang","description":"L\u00e4r k\u00e4nna oss bakom Excellent El. Med l\u00e5ng erfarenhet och fokus p\u00e5 trygghet, kvalitet och teknik \u00e4r vi en ledande elpartner f\u00f6r f\u00f6retag i G\u00f6teborg.","robots":{"index":"index","follow":"follow","max-snippet":"max-snippet:-1","max-image-preview":"max-image-preview:large","max-video-preview":"max-video-preview:-1"},"canonical":"https:\/\/www.excellentel.com\/foretag\/om-oss\/","og_locale":"sv_SE","og_type":"article","og_title":"Om Excellent El \u2013 Elf\u00f6retag med erfarenhet och engagemang","og_description":"L\u00e4r k\u00e4nna oss bakom Excellent El. Med l\u00e5ng erfarenhet och fokus p\u00e5 trygghet, kvalitet och teknik \u00e4r vi en ledande elpartner f\u00f6r f\u00f6retag i G\u00f6teborg.","og_url":"https:\/\/www.excellentel.com\/foretag\/om-oss\/","og_site_name":"F\u00f6retag","article_modified_time":"2025-06-26T11:29:16+00:00","og_image":[{"width":251,"height":163,"url":"https:\/\/www.excellentel.com\/foretag\/wp-content\/blog.dir\/sites\/3\/2015\/04\/office1.png","type":"image\/png"}],"twitter_misc":{"Ber\u00e4knad l\u00e4stid":"2 minuter"},"schema":{"@context":"https:\/\/schema.org","@graph":[{"@type":"WebPage","@id":"https:\/\/www.excellentel.com\/foretag\/om-oss\/","url":"https:\/\/www.excellentel.com\/foretag\/om-oss\/","name":"Om Excellent El \u2013 Elf\u00f6retag med erfarenhet och engagemang","isPartOf":{"@id":"https:\/\/www.excellentel.com\/foretag\/#website"},"primaryImageOfPage":{"@id":"https:\/\/www.excellentel.com\/foretag\/om-oss\/#primaryimage"},"image":{"@id":"https:\/\/www.excellentel.com\/foretag\/om-oss\/#primaryimage"},"thumbnailUrl":"https:\/\/www.excellentel.com\/foretag\/wp-content\/blog.dir\/sites\/3\/2015\/04\/office1.png","datePublished":"2015-04-09T07:00:00+00:00","dateModified":"2025-06-26T11:29:16+00:00","description":"L\u00e4r k\u00e4nna oss bakom Excellent El. Med l\u00e5ng erfarenhet och fokus p\u00e5 trygghet, kvalitet och teknik \u00e4r vi en ledande elpartner f\u00f6r f\u00f6retag i G\u00f6teborg.","breadcrumb":{"@id":"https:\/\/www.excellentel.com\/foretag\/om-oss\/#breadcrumb"},"inLanguage":"sv-SE","potentialAction":[{"@type":"ReadAction","target":["https:\/\/www.excellentel.com\/foretag\/om-oss\/"]}]},{"@type":"ImageObject","inLanguage":"sv-SE","@id":"https:\/\/www.excellentel.com\/foretag\/om-oss\/#primaryimage","url":"https:\/\/www.excellentel.com\/foretag\/wp-content\/blog.dir\/sites\/3\/2015\/04\/office1.png","contentUrl":"https:\/\/www.excellentel.com\/foretag\/wp-content\/blog.dir\/sites\/3\/2015\/04\/office1.png","width":251,"height":163},{"@type":"BreadcrumbList","@id":"https:\/\/www.excellentel.com\/foretag\/om-oss\/#breadcrumb","itemListElement":[{"@type":"ListItem","position":1,"name":"Hem","item":"https:\/\/www.excellentel.com\/foretag\/"},{"@type":"ListItem","position":2,"name":"Om oss"}]},{"@type":"WebSite","@id":"https:\/\/www.excellentel.com\/foretag\/#website","url":"https:\/\/www.excellentel.com\/foretag\/","name":"Excellent El","description":"","publisher":{"@id":"https:\/\/www.excellentel.com\/foretag\/#organization"},"potentialAction":[{"@type":"SearchAction","target":{"@type":"EntryPoint","urlTemplate":"https:\/\/www.excellentel.com\/foretag\/?s={search_term_string}"},"query-input":{"@type":"PropertyValueSpecification","valueRequired":true,"valueName":"search_term_string"}}],"inLanguage":"sv-SE"},{"@type":"Organization","@id":"https:\/\/www.excellentel.com\/foretag\/#organization","name":"Excellent El","url":"https:\/\/www.excellentel.com\/foretag\/","logo":{"@type":"ImageObject","inLanguage":"sv-SE","@id":"https:\/\/www.excellentel.com\/foretag\/#\/schema\/logo\/image\/","url":"https:\/\/www.excellentel.com\/foretag\/wp-content\/blog.dir\/sites\/3\/2025\/03\/logo_excellent_el.png","contentUrl":"https:\/\/www.excellentel.com\/foretag\/wp-content\/blog.dir\/sites\/3\/2025\/03\/logo_excellent_el.png","width":263,"height":62,"caption":"Excellent El"},"image":{"@id":"https:\/\/www.excellentel.com\/foretag\/#\/schema\/logo\/image\/"}}]}},"_links":{"self":[{"href":"https:\/\/www.excellentel.com\/foretag\/wp-json\/wp\/v2\/pages\/26","targetHints":{"allow":["GET"]}}],"collection":[{"href":"https:\/\/www.excellentel.com\/foretag\/wp-json\/wp\/v2\/pages"}],"about":[{"href":"https:\/\/www.excellentel.com\/foretag\/wp-json\/wp\/v2\/types\/page"}],"author":[{"embeddable":true,"href":"https:\/\/www.excellentel.com\/foretag\/wp-json\/wp\/v2\/users\/1"}],"replies":[{"embeddable":true,"href":"https:\/\/www.excellentel.com\/foretag\/wp-json\/wp\/v2\/comments?post=26"}],"version-history":[{"count":4,"href":"https:\/\/www.excellentel.com\/foretag\/wp-json\/wp\/v2\/pages\/26\/revisions"}],"predecessor-version":[{"id":112,"href":"https:\/\/www.excellentel.com\/foretag\/wp-json\/wp\/v2\/pages\/26\/revisions\/112"}],"wp:attachment":[{"href":"https:\/\/www.excellentel.com\/foretag\/wp-json\/wp\/v2\/media?parent=26"}],"curies":[{"name":"wp","href":"https:\/\/api.w.org\/{rel}","templated":true}]}}