{"id":19,"date":"2015-04-09T08:53:43","date_gmt":"2015-04-09T06:53:43","guid":{"rendered":"http:\/\/excellentel.seodesignab.se\/foretag\/?page_id=19"},"modified":"2025-06-26T13:28:21","modified_gmt":"2025-06-26T11:28:21","slug":"elservice","status":"publish","type":"page","link":"https:\/\/www.excellentel.com\/foretag\/elservice\/","title":{"rendered":"Elservice"},"content":{"rendered":"<p><strong>Fr\u00e5n mindre<\/strong><strong> industrier till privata ROT-arbeten<\/strong><\/p>\n<p>Mindre underh\u00e5lls-och reparationsarbeten \u00e4r ofta lika viktigt som sj\u00e4lva grundinstallationen. D\u00e4rf\u00f6r har Excellent El byggt upp en stark serviceorganisation.<\/p>\n<p>Excellent El`s ambition \u00e4r att leverera tj\u00e4nster och l\u00f6sningar som \u00f6vertr\u00e4ffar kundens f\u00f6rv\u00e4ntan<\/p>\n<p>Vi utf\u00f6r service av el-och teleinstallationer:<\/p>\n<ul>\n<li>Butiker<\/li>\n<li>K\u00f6pcentrum<\/li>\n<li>Kontorsfastigheter<\/li>\n<li>Mindre industrier<\/li>\n<li>Projektering och installation av fiber-och datan\u00e4t<\/li>\n<li>Projektering och installation av passage-och inbrottslarm<\/li>\n<li>Privata ROT-arbeten<\/li>\n<\/ul>\n<p>Genom att teckna serviceavtal med oss f\u00e5r ni snabbt den hj\u00e4lp ni beh\u00f6ver. Vi har vad som beh\u00f6vs f\u00f6r att t\u00e4cka ert behov.<\/p>\n<p>Kontakt elservice:<\/p>\n<p><a href=\"https:\/\/www.excellentel.com\/foretag\/wp-content\/blog.dir\/sites\/3\/2015\/04\/samuel-vanhanen-scaled.jpeg\"><img loading=\"lazy\" decoding=\"async\" class=\"alignnone wp-image-221 size-medium\" src=\"https:\/\/www.excellentel.com\/foretag\/wp-content\/blog.dir\/sites\/3\/2015\/04\/samuel-vanhanen-225x300.jpeg\" alt=\"\" width=\"225\" height=\"300\" srcset=\"https:\/\/www.excellentel.com\/foretag\/wp-content\/blog.dir\/sites\/3\/2015\/04\/samuel-vanhanen-225x300.jpeg 225w, https:\/\/www.excellentel.com\/foretag\/wp-content\/blog.dir\/sites\/3\/2015\/04\/samuel-vanhanen-768x1024.jpeg 768w, https:\/\/www.excellentel.com\/foretag\/wp-content\/blog.dir\/sites\/3\/2015\/04\/samuel-vanhanen-1152x1536.jpeg 1152w, https:\/\/www.excellentel.com\/foretag\/wp-content\/blog.dir\/sites\/3\/2015\/04\/samuel-vanhanen-1536x2048.jpeg 1536w, https:\/\/www.excellentel.com\/foretag\/wp-content\/blog.dir\/sites\/3\/2015\/04\/samuel-vanhanen-scaled.jpeg 1920w\" sizes=\"auto, (max-width: 225px) 100vw, 225px\" \/><\/a><\/p>\n<h5 style=\"max-width: 200px\">Samuel Vanhanen<\/h5>\n<p>Telefon:<a href=\"tel:0768696542\">0768 69 65 42<\/a><br \/>\nE-post:\u00a0<a href=\"mailto:samuel.vanhanen@excellentel.com\">samuel.vanhanen@excellentel.com<\/a><\/p>\n","protected":false},"excerpt":{"rendered":"<p>Fr\u00e5n mindre industrier till privata ROT-arbeten Mindre underh\u00e5lls-och reparationsarbeten \u00e4r ofta lika viktigt som sj\u00e4lva grundinstallationen. D\u00e4rf\u00f6r har Excellent El byggt upp en stark serviceorganisation. Excellent El`s ambition \u00e4r att leverera tj\u00e4nster och l\u00f6sningar som \u00f6vertr\u00e4ffar kundens f\u00f6rv\u00e4ntan Vi utf\u00f6r service av el-och teleinstallationer: Butiker K\u00f6pcentrum Kontorsfastigheter Mindre industrier Projektering och installation av fiber-och datan\u00e4t [&hellip;]<\/p>\n","protected":false},"author":1,"featured_media":0,"parent":0,"menu_order":0,"comment_status":"open","ping_status":"closed","template":"","meta":{"_monsterinsights_skip_tracking":false,"_monsterinsights_sitenote_active":false,"_monsterinsights_sitenote_note":"","_monsterinsights_sitenote_category":0,"footnotes":""},"class_list":["post-19","page","type-page","status-publish","hentry"],"yoast_head":"<!-- This site is optimized with the Yoast SEO plugin v24.3 - https:\/\/yoast.com\/wordpress\/plugins\/seo\/ -->\n<title>Elservice f\u00f6r F\u00f6retag i G\u00f6teborg \u2013 Snabb och trygg hj\u00e4lp<\/title>\n<meta name=\"description\" content=\"F\u00e5 hj\u00e4lp med akuta elfel, underh\u00e5ll och elreparationer. Vi erbjuder professionell elservice f\u00f6r fastigheter, kontor och industri i G\u00f6teborg.\" \/>\n<meta name=\"robots\" content=\"index, follow, max-snippet:-1, max-image-preview:large, max-video-preview:-1\" \/>\n<link rel=\"canonical\" href=\"https:\/\/www.excellentel.com\/foretag\/elservice\/\" \/>\n<meta property=\"og:locale\" content=\"sv_SE\" \/>\n<meta property=\"og:type\" content=\"article\" \/>\n<meta property=\"og:title\" content=\"Elservice f\u00f6r F\u00f6retag i G\u00f6teborg \u2013 Snabb och trygg hj\u00e4lp\" \/>\n<meta property=\"og:description\" content=\"F\u00e5 hj\u00e4lp med akuta elfel, underh\u00e5ll och elreparationer. Vi erbjuder professionell elservice f\u00f6r fastigheter, kontor och industri i G\u00f6teborg.\" \/>\n<meta property=\"og:url\" content=\"https:\/\/www.excellentel.com\/foretag\/elservice\/\" \/>\n<meta property=\"og:site_name\" content=\"F\u00f6retag\" \/>\n<meta property=\"article:modified_time\" content=\"2025-06-26T11:28:21+00:00\" \/>\n<meta property=\"og:image\" content=\"https:\/\/www.excellentel.com\/foretag\/wp-content\/blog.dir\/sites\/3\/2015\/04\/samuel-vanhanen-scaled.jpeg\" \/>\n\t<meta property=\"og:image:width\" content=\"1920\" \/>\n\t<meta property=\"og:image:height\" content=\"2560\" \/>\n\t<meta property=\"og:image:type\" content=\"image\/jpeg\" \/>\n<meta name=\"twitter:label1\" content=\"Ber\u00e4knad l\u00e4stid\" \/>\n\t<meta name=\"twitter:data1\" content=\"1 minut\" \/>\n<script type=\"application\/ld+json\" class=\"yoast-schema-graph\">{\"@context\":\"https:\/\/schema.org\",\"@graph\":[{\"@type\":\"WebPage\",\"@id\":\"https:\/\/www.excellentel.com\/foretag\/elservice\/\",\"url\":\"https:\/\/www.excellentel.com\/foretag\/elservice\/\",\"name\":\"Elservice f\u00f6r F\u00f6retag i G\u00f6teborg \u2013 Snabb och trygg hj\u00e4lp\",\"isPartOf\":{\"@id\":\"https:\/\/www.excellentel.com\/foretag\/#website\"},\"primaryImageOfPage\":{\"@id\":\"https:\/\/www.excellentel.com\/foretag\/elservice\/#primaryimage\"},\"image\":{\"@id\":\"https:\/\/www.excellentel.com\/foretag\/elservice\/#primaryimage\"},\"thumbnailUrl\":\"https:\/\/www.excellentel.com\/foretag\/wp-content\/blog.dir\/sites\/3\/2015\/04\/samuel-vanhanen-225x300.jpeg\",\"datePublished\":\"2015-04-09T06:53:43+00:00\",\"dateModified\":\"2025-06-26T11:28:21+00:00\",\"description\":\"F\u00e5 hj\u00e4lp med akuta elfel, underh\u00e5ll och elreparationer. Vi erbjuder professionell elservice f\u00f6r fastigheter, kontor och industri i G\u00f6teborg.\",\"breadcrumb\":{\"@id\":\"https:\/\/www.excellentel.com\/foretag\/elservice\/#breadcrumb\"},\"inLanguage\":\"sv-SE\",\"potentialAction\":[{\"@type\":\"ReadAction\",\"target\":[\"https:\/\/www.excellentel.com\/foretag\/elservice\/\"]}]},{\"@type\":\"ImageObject\",\"inLanguage\":\"sv-SE\",\"@id\":\"https:\/\/www.excellentel.com\/foretag\/elservice\/#primaryimage\",\"url\":\"https:\/\/www.excellentel.com\/foretag\/wp-content\/blog.dir\/sites\/3\/2015\/04\/samuel-vanhanen-scaled.jpeg\",\"contentUrl\":\"https:\/\/www.excellentel.com\/foretag\/wp-content\/blog.dir\/sites\/3\/2015\/04\/samuel-vanhanen-scaled.jpeg\",\"width\":1920,\"height\":2560},{\"@type\":\"BreadcrumbList\",\"@id\":\"https:\/\/www.excellentel.com\/foretag\/elservice\/#breadcrumb\",\"itemListElement\":[{\"@type\":\"ListItem\",\"position\":1,\"name\":\"Hem\",\"item\":\"https:\/\/www.excellentel.com\/foretag\/\"},{\"@type\":\"ListItem\",\"position\":2,\"name\":\"Elservice\"}]},{\"@type\":\"WebSite\",\"@id\":\"https:\/\/www.excellentel.com\/foretag\/#website\",\"url\":\"https:\/\/www.excellentel.com\/foretag\/\",\"name\":\"Excellent El\",\"description\":\"\",\"publisher\":{\"@id\":\"https:\/\/www.excellentel.com\/foretag\/#organization\"},\"potentialAction\":[{\"@type\":\"SearchAction\",\"target\":{\"@type\":\"EntryPoint\",\"urlTemplate\":\"https:\/\/www.excellentel.com\/foretag\/?s={search_term_string}\"},\"query-input\":{\"@type\":\"PropertyValueSpecification\",\"valueRequired\":true,\"valueName\":\"search_term_string\"}}],\"inLanguage\":\"sv-SE\"},{\"@type\":\"Organization\",\"@id\":\"https:\/\/www.excellentel.com\/foretag\/#organization\",\"name\":\"Excellent El\",\"url\":\"https:\/\/www.excellentel.com\/foretag\/\",\"logo\":{\"@type\":\"ImageObject\",\"inLanguage\":\"sv-SE\",\"@id\":\"https:\/\/www.excellentel.com\/foretag\/#\/schema\/logo\/image\/\",\"url\":\"https:\/\/www.excellentel.com\/foretag\/wp-content\/blog.dir\/sites\/3\/2025\/03\/logo_excellent_el.png\",\"contentUrl\":\"https:\/\/www.excellentel.com\/foretag\/wp-content\/blog.dir\/sites\/3\/2025\/03\/logo_excellent_el.png\",\"width\":263,\"height\":62,\"caption\":\"Excellent El\"},\"image\":{\"@id\":\"https:\/\/www.excellentel.com\/foretag\/#\/schema\/logo\/image\/\"}}]}<\/script>\n<!-- \/ Yoast SEO plugin. -->","yoast_head_json":{"title":"Elservice f\u00f6r F\u00f6retag i G\u00f6teborg \u2013 Snabb och trygg hj\u00e4lp","description":"F\u00e5 hj\u00e4lp med akuta elfel, underh\u00e5ll och elreparationer. Vi erbjuder professionell elservice f\u00f6r fastigheter, kontor och industri i G\u00f6teborg.","robots":{"index":"index","follow":"follow","max-snippet":"max-snippet:-1","max-image-preview":"max-image-preview:large","max-video-preview":"max-video-preview:-1"},"canonical":"https:\/\/www.excellentel.com\/foretag\/elservice\/","og_locale":"sv_SE","og_type":"article","og_title":"Elservice f\u00f6r F\u00f6retag i G\u00f6teborg \u2013 Snabb och trygg hj\u00e4lp","og_description":"F\u00e5 hj\u00e4lp med akuta elfel, underh\u00e5ll och elreparationer. Vi erbjuder professionell elservice f\u00f6r fastigheter, kontor och industri i G\u00f6teborg.","og_url":"https:\/\/www.excellentel.com\/foretag\/elservice\/","og_site_name":"F\u00f6retag","article_modified_time":"2025-06-26T11:28:21+00:00","og_image":[{"width":1920,"height":2560,"url":"https:\/\/www.excellentel.com\/foretag\/wp-content\/blog.dir\/sites\/3\/2015\/04\/samuel-vanhanen-scaled.jpeg","type":"image\/jpeg"}],"twitter_misc":{"Ber\u00e4knad l\u00e4stid":"1 minut"},"schema":{"@context":"https:\/\/schema.org","@graph":[{"@type":"WebPage","@id":"https:\/\/www.excellentel.com\/foretag\/elservice\/","url":"https:\/\/www.excellentel.com\/foretag\/elservice\/","name":"Elservice f\u00f6r F\u00f6retag i G\u00f6teborg \u2013 Snabb och trygg hj\u00e4lp","isPartOf":{"@id":"https:\/\/www.excellentel.com\/foretag\/#website"},"primaryImageOfPage":{"@id":"https:\/\/www.excellentel.com\/foretag\/elservice\/#primaryimage"},"image":{"@id":"https:\/\/www.excellentel.com\/foretag\/elservice\/#primaryimage"},"thumbnailUrl":"https:\/\/www.excellentel.com\/foretag\/wp-content\/blog.dir\/sites\/3\/2015\/04\/samuel-vanhanen-225x300.jpeg","datePublished":"2015-04-09T06:53:43+00:00","dateModified":"2025-06-26T11:28:21+00:00","description":"F\u00e5 hj\u00e4lp med akuta elfel, underh\u00e5ll och elreparationer. Vi erbjuder professionell elservice f\u00f6r fastigheter, kontor och industri i G\u00f6teborg.","breadcrumb":{"@id":"https:\/\/www.excellentel.com\/foretag\/elservice\/#breadcrumb"},"inLanguage":"sv-SE","potentialAction":[{"@type":"ReadAction","target":["https:\/\/www.excellentel.com\/foretag\/elservice\/"]}]},{"@type":"ImageObject","inLanguage":"sv-SE","@id":"https:\/\/www.excellentel.com\/foretag\/elservice\/#primaryimage","url":"https:\/\/www.excellentel.com\/foretag\/wp-content\/blog.dir\/sites\/3\/2015\/04\/samuel-vanhanen-scaled.jpeg","contentUrl":"https:\/\/www.excellentel.com\/foretag\/wp-content\/blog.dir\/sites\/3\/2015\/04\/samuel-vanhanen-scaled.jpeg","width":1920,"height":2560},{"@type":"BreadcrumbList","@id":"https:\/\/www.excellentel.com\/foretag\/elservice\/#breadcrumb","itemListElement":[{"@type":"ListItem","position":1,"name":"Hem","item":"https:\/\/www.excellentel.com\/foretag\/"},{"@type":"ListItem","position":2,"name":"Elservice"}]},{"@type":"WebSite","@id":"https:\/\/www.excellentel.com\/foretag\/#website","url":"https:\/\/www.excellentel.com\/foretag\/","name":"Excellent El","description":"","publisher":{"@id":"https:\/\/www.excellentel.com\/foretag\/#organization"},"potentialAction":[{"@type":"SearchAction","target":{"@type":"EntryPoint","urlTemplate":"https:\/\/www.excellentel.com\/foretag\/?s={search_term_string}"},"query-input":{"@type":"PropertyValueSpecification","valueRequired":true,"valueName":"search_term_string"}}],"inLanguage":"sv-SE"},{"@type":"Organization","@id":"https:\/\/www.excellentel.com\/foretag\/#organization","name":"Excellent El","url":"https:\/\/www.excellentel.com\/foretag\/","logo":{"@type":"ImageObject","inLanguage":"sv-SE","@id":"https:\/\/www.excellentel.com\/foretag\/#\/schema\/logo\/image\/","url":"https:\/\/www.excellentel.com\/foretag\/wp-content\/blog.dir\/sites\/3\/2025\/03\/logo_excellent_el.png","contentUrl":"https:\/\/www.excellentel.com\/foretag\/wp-content\/blog.dir\/sites\/3\/2025\/03\/logo_excellent_el.png","width":263,"height":62,"caption":"Excellent El"},"image":{"@id":"https:\/\/www.excellentel.com\/foretag\/#\/schema\/logo\/image\/"}}]}},"_links":{"self":[{"href":"https:\/\/www.excellentel.com\/foretag\/wp-json\/wp\/v2\/pages\/19","targetHints":{"allow":["GET"]}}],"collection":[{"href":"https:\/\/www.excellentel.com\/foretag\/wp-json\/wp\/v2\/pages"}],"about":[{"href":"https:\/\/www.excellentel.com\/foretag\/wp-json\/wp\/v2\/types\/page"}],"author":[{"embeddable":true,"href":"https:\/\/www.excellentel.com\/foretag\/wp-json\/wp\/v2\/users\/1"}],"replies":[{"embeddable":true,"href":"https:\/\/www.excellentel.com\/foretag\/wp-json\/wp\/v2\/comments?post=19"}],"version-history":[{"count":17,"href":"https:\/\/www.excellentel.com\/foretag\/wp-json\/wp\/v2\/pages\/19\/revisions"}],"predecessor-version":[{"id":241,"href":"https:\/\/www.excellentel.com\/foretag\/wp-json\/wp\/v2\/pages\/19\/revisions\/241"}],"wp:attachment":[{"href":"https:\/\/www.excellentel.com\/foretag\/wp-json\/wp\/v2\/media?parent=19"}],"curies":[{"name":"wp","href":"https:\/\/api.w.org\/{rel}","templated":true}]}}